{"id":261,"date":"2017-01-26T17:09:35","date_gmt":"2017-01-26T16:09:35","guid":{"rendered":"http:\/\/www.pappu.fr\/pappuwp\/?page_id=261"},"modified":"2020-09-13T12:29:46","modified_gmt":"2020-09-13T10:29:46","slug":"connexion-pappu","status":"publish","type":"page","link":"https:\/\/www.pappu.fr\/pappuwp\/connexion-pappu\/","title":{"rendered":"CONNEXION PAPPU"},"content":{"rendered":"<p>[et_pb_section fb_built=\u00a0\u00bb1&Prime; custom_padding_last_edited=\u00a0\u00bbon|desktop\u00a0\u00bb admin_label=\u00a0\u00bbsection\u00a0\u00bb _builder_version=\u00a0\u00bb3.22.3&Prime; background_color=\u00a0\u00bbrgba(255,255,255,0.49)\u00a0\u00bb background_image=\u00a0\u00bbhttp:\/\/www.pappu.fr\/wp-content\/uploads\/2017\/01\/bg_reseau_2.jpg\u00a0\u00bb custom_padding=\u00a0\u00bb180px||180px|\u00a0\u00bb custom_padding_tablet=\u00a0\u00bb50px|0|50px|0&Prime; transparent_background=\u00a0\u00bboff\u00a0\u00bb padding_mobile=\u00a0\u00bboff\u00a0\u00bb make_fullwidth=\u00a0\u00bboff\u00a0\u00bb use_custom_width=\u00a0\u00bboff\u00a0\u00bb width_unit=\u00a0\u00bbon\u00a0\u00bb][et_pb_row custom_padding=\u00a0\u00bb0px|0px|0px|0px\u00a0\u00bb padding_mobile=\u00a0\u00bboff\u00a0\u00bb column_padding_mobile=\u00a0\u00bbon\u00a0\u00bb parallax_method_1=\u00a0\u00bboff\u00a0\u00bb admin_label=\u00a0\u00bbrow\u00a0\u00bb _builder_version=\u00a0\u00bb3.22.3&Prime; background_size=\u00a0\u00bbinitial\u00a0\u00bb background_position=\u00a0\u00bbtop_left\u00a0\u00bb background_repeat=\u00a0\u00bbrepeat\u00a0\u00bb make_fullwidth=\u00a0\u00bboff\u00a0\u00bb use_custom_width=\u00a0\u00bboff\u00a0\u00bb width_unit=\u00a0\u00bbon\u00a0\u00bb custom_width_px=\u00a0\u00bb1080px\u00a0\u00bb custom_width_percent=\u00a0\u00bb80%\u00a0\u00bb][et_pb_column type=\u00a0\u00bb4_4&Prime; _builder_version=\u00a0\u00bb3.0.47&Prime;][\/et_pb_column][\/et_pb_row][\/et_pb_section][et_pb_section fb_built=\u00a0\u00bb1&Prime; custom_padding_last_edited=\u00a0\u00bbon|desktop\u00a0\u00bb admin_label=\u00a0\u00bbsection\u00a0\u00bb _builder_version=\u00a0\u00bb3.22.3&Prime; background_color=\u00a0\u00bb#40826d\u00a0\u00bb custom_padding=\u00a0\u00bb20px||20px|\u00a0\u00bb custom_padding_tablet=\u00a0\u00bb50px|0|50px|0&Prime; transparent_background=\u00a0\u00bboff\u00a0\u00bb padding_mobile=\u00a0\u00bboff\u00a0\u00bb make_fullwidth=\u00a0\u00bboff\u00a0\u00bb use_custom_width=\u00a0\u00bboff\u00a0\u00bb width_unit=\u00a0\u00bbon\u00a0\u00bb custom_width_px=\u00a0\u00bb1080px\u00a0\u00bb custom_width_percent=\u00a0\u00bb80%\u00a0\u00bb][et_pb_row custom_padding=\u00a0\u00bb0px|0px|0px|0px\u00a0\u00bb padding_mobile=\u00a0\u00bboff\u00a0\u00bb column_padding_mobile=\u00a0\u00bbon\u00a0\u00bb parallax_method_1=\u00a0\u00bboff\u00a0\u00bb admin_label=\u00a0\u00bbrow\u00a0\u00bb _builder_version=\u00a0\u00bb3.22.3&Prime; background_size=\u00a0\u00bbinitial\u00a0\u00bb background_position=\u00a0\u00bbtop_left\u00a0\u00bb background_repeat=\u00a0\u00bbrepeat\u00a0\u00bb make_fullwidth=\u00a0\u00bboff\u00a0\u00bb use_custom_width=\u00a0\u00bboff\u00a0\u00bb width_unit=\u00a0\u00bbon\u00a0\u00bb custom_width_px=\u00a0\u00bb1080px\u00a0\u00bb custom_width_percent=\u00a0\u00bb80%\u00a0\u00bb][et_pb_column type=\u00a0\u00bb4_4&Prime; _builder_version=\u00a0\u00bb3.0.47&Prime;][et_pb_text admin_label=\u00a0\u00bbTexte\u00a0\u00bb _builder_version=\u00a0\u00bb3.0.87&Prime; text_font=\u00a0\u00bbIndie Flower||||\u00a0\u00bb text_font_size=\u00a0\u00bb32&Prime; background_size=\u00a0\u00bbinitial\u00a0\u00bb background_position=\u00a0\u00bbtop_left\u00a0\u00bb background_repeat=\u00a0\u00bbrepeat\u00a0\u00bb text_orientation=\u00a0\u00bbcenter\u00a0\u00bb background_layout=\u00a0\u00bbdark\u00a0\u00bb module_alignment=\u00a0\u00bbcenter\u00a0\u00bb use_border_color=\u00a0\u00bboff\u00a0\u00bb border_color=\u00a0\u00bb#ffffff\u00a0\u00bb border_style=\u00a0\u00bbsolid\u00a0\u00bb]Se connecter \u00e0 PAPPU<br \/>\n[\/et_pb_text][\/et_pb_column][\/et_pb_row][\/et_pb_section][et_pb_section fb_built=\u00a0\u00bb1&Prime; custom_padding_last_edited=\u00a0\u00bbon|desktop\u00a0\u00bb admin_label=\u00a0\u00bbsection\u00a0\u00bb _builder_version=\u00a0\u00bb3.22.3&Prime; custom_padding_tablet=\u00a0\u00bb50px|0|50px|0&Prime; transparent_background=\u00a0\u00bboff\u00a0\u00bb padding_mobile=\u00a0\u00bboff\u00a0\u00bb make_fullwidth=\u00a0\u00bboff\u00a0\u00bb use_custom_width=\u00a0\u00bboff\u00a0\u00bb width_unit=\u00a0\u00bboff\u00a0\u00bb custom_width_px=\u00a0\u00bb1080px\u00a0\u00bb custom_width_percent=\u00a0\u00bb80%\u00a0\u00bb][et_pb_row _builder_version=\u00a0\u00bb3.24.1&Prime;][et_pb_column type=\u00a0\u00bb1_3&Prime; _builder_version=\u00a0\u00bb3.24.1&Prime;][et_pb_image src=\u00a0\u00bbhttp:\/\/www.pappu.fr\/pappuwp\/wp-content\/uploads\/2017\/04\/Cadenas_PAPPU.png\u00a0\u00bb _builder_version=\u00a0\u00bb3.24.1&Prime; width=\u00a0\u00bb50%\u00a0\u00bb max_width=\u00a0\u00bb50%\u00a0\u00bb module_alignment=\u00a0\u00bbcenter\u00a0\u00bb locked=\u00a0\u00bboff\u00a0\u00bb][\/et_pb_image][\/et_pb_column][et_pb_column type=\u00a0\u00bb1_3&Prime; _builder_version=\u00a0\u00bb3.24.1&Prime;][et_pb_image src=\u00a0\u00bbhttp:\/\/www.pappu.fr\/pappuwp\/wp-content\/uploads\/2020\/09\/Connexion_PAPPU_Admin.png\u00a0\u00bb url=\u00a0\u00bbhttp:\/\/app.pappu.fr\/login\u00a0\u00bb align=\u00a0\u00bbcenter\u00a0\u00bb _builder_version=\u00a0\u00bb3.24.1&Prime; custom_margin=\u00a0\u00bb30px||\u00a0\u00bb locked=\u00a0\u00bboff\u00a0\u00bb][\/et_pb_image][\/et_pb_column][et_pb_column type=\u00a0\u00bb1_3&Prime; _builder_version=\u00a0\u00bb3.24.1&Prime;][et_pb_image src=\u00a0\u00bbhttp:\/\/www.pappu.fr\/pappuwp\/wp-content\/uploads\/2020\/09\/Connexion_PAPPU_Applcation.png\u00a0\u00bb url=\u00a0\u00bbhttp:\/\/webapp.pappu.fr\u00a0\u00bb align=\u00a0\u00bbcenter\u00a0\u00bb _builder_version=\u00a0\u00bb3.24.1&Prime; custom_margin=\u00a0\u00bb30px||\u00a0\u00bb locked=\u00a0\u00bboff\u00a0\u00bb][\/et_pb_image][\/et_pb_column][\/et_pb_row][\/et_pb_section][et_pb_section fb_built=\u00a0\u00bb1&Prime; custom_padding_last_edited=\u00a0\u00bbon|desktop\u00a0\u00bb admin_label=\u00a0\u00bbsection\u00a0\u00bb _builder_version=\u00a0\u00bb3.22.3&Prime; background_color=\u00a0\u00bb#447485&Prime; custom_padding=\u00a0\u00bb20px||20px|\u00a0\u00bb custom_padding_tablet=\u00a0\u00bb50px|0|50px|0&Prime; transparent_background=\u00a0\u00bboff\u00a0\u00bb padding_mobile=\u00a0\u00bboff\u00a0\u00bb make_fullwidth=\u00a0\u00bboff\u00a0\u00bb use_custom_width=\u00a0\u00bboff\u00a0\u00bb width_unit=\u00a0\u00bbon\u00a0\u00bb][et_pb_row custom_padding=\u00a0\u00bb0px|0px|0px|0px\u00a0\u00bb padding_mobile=\u00a0\u00bboff\u00a0\u00bb column_padding_mobile=\u00a0\u00bbon\u00a0\u00bb parallax_method_1=\u00a0\u00bboff\u00a0\u00bb admin_label=\u00a0\u00bbrow\u00a0\u00bb _builder_version=\u00a0\u00bb3.22.3&Prime; background_size=\u00a0\u00bbinitial\u00a0\u00bb background_position=\u00a0\u00bbtop_left\u00a0\u00bb background_repeat=\u00a0\u00bbrepeat\u00a0\u00bb make_fullwidth=\u00a0\u00bboff\u00a0\u00bb use_custom_width=\u00a0\u00bboff\u00a0\u00bb width_unit=\u00a0\u00bbon\u00a0\u00bb custom_width_px=\u00a0\u00bb1080px\u00a0\u00bb custom_width_percent=\u00a0\u00bb80%\u00a0\u00bb][et_pb_column type=\u00a0\u00bb4_4&Prime; _builder_version=\u00a0\u00bb3.0.47&Prime;][et_pb_text admin_label=\u00a0\u00bbTexte\u00a0\u00bb _builder_version=\u00a0\u00bb3.0.87&Prime; text_font=\u00a0\u00bbIndie Flower||||\u00a0\u00bb text_font_size=\u00a0\u00bb32&Prime; background_size=\u00a0\u00bbinitial\u00a0\u00bb background_position=\u00a0\u00bbtop_left\u00a0\u00bb background_repeat=\u00a0\u00bbrepeat\u00a0\u00bb text_orientation=\u00a0\u00bbcenter\u00a0\u00bb background_layout=\u00a0\u00bbdark\u00a0\u00bb module_alignment=\u00a0\u00bbcenter\u00a0\u00bb use_border_color=\u00a0\u00bboff\u00a0\u00bb border_color=\u00a0\u00bb#ffffff\u00a0\u00bb border_style=\u00a0\u00bbsolid\u00a0\u00bb]La gestion des comptes PAPPU<br \/>\n[\/et_pb_text][\/et_pb_column][\/et_pb_row][\/et_pb_section][et_pb_section fb_built=\u00a0\u00bb1&Prime; admin_label=\u00a0\u00bbSection\u00a0\u00bb _builder_version=\u00a0\u00bb3.22.3&Prime;][et_pb_row admin_label=\u00a0\u00bbLigne\u00a0\u00bb _builder_version=\u00a0\u00bb3.22.3&Prime; background_size=\u00a0\u00bbinitial\u00a0\u00bb background_position=\u00a0\u00bbtop_left\u00a0\u00bb background_repeat=\u00a0\u00bbrepeat\u00a0\u00bb][et_pb_column type=\u00a0\u00bb4_4&Prime; _builder_version=\u00a0\u00bb3.0.47&Prime;][et_pb_text admin_label=\u00a0\u00bbTexte\u00a0\u00bb _builder_version=\u00a0\u00bb3.0.87&Prime; background_size=\u00a0\u00bbinitial\u00a0\u00bb background_position=\u00a0\u00bbtop_left\u00a0\u00bb background_repeat=\u00a0\u00bbrepeat\u00a0\u00bb use_border_color=\u00a0\u00bboff\u00a0\u00bb border_color=\u00a0\u00bb#ffffff\u00a0\u00bb border_style=\u00a0\u00bbsolid\u00a0\u00bb]L\u2019<strong>ADMINISTRATEUR R\u00c9SEAU<\/strong> va se connecter \u00e0 son compte d\u2019administration sur pappu.fr o\u00f9 il va pouvoir\u00a0:<\/p>\n<ul>\n<li>Cr\u00e9er une ou plusieurs structures<br class=\"autobr\" \/> La cr\u00e9ation d\u2019une structure n\u00e9cessite la cr\u00e9ation d\u2019un \u00ab\u00a0Administrateur structure\u00a0\u00bb pour la dite structure.<\/li>\n<\/ul>\n<ul>\n<li>Consulter les statistiques de son r\u00e9seau<br class=\"autobr\" \/> Un \u00ab\u00a0administrateur r\u00e9seau\u00a0\u00bb ne peut pas consulter les dossiers des usagers des structures de son r\u00e9seau.<\/li>\n<\/ul>\n<p><span class=\"spip_document_18 spip_documents spip_documents_center\"><img loading=\"lazy\" decoding=\"async\" class=\"wp-image-618 size-full aligncenter\" src=\"http:\/\/www.pappu.fr\/pappuwp\/wp-content\/uploads\/2017\/10\/log-reseau.png\" alt=\"\" width=\"292\" height=\"160\" \/><\/span><\/p>\n<p>L\u2019<strong>ADMINISTRATEUR STRUCTURE<\/strong> va se connecter \u00e0 son compte d\u2019administration sur pappu.fr o\u00f9 il va pouvoir\u00a0:<\/p>\n<ul>\n<li>Cr\u00e9er un ou plusieurs utilisateurs de PAPPU<\/li>\n<\/ul>\n<ul>\n<li>Param\u00e9trer le PAPPU de sa structure (ex\u00a0: cr\u00e9ation de \u00ab\u00a0quartiers\u00a0\u00bb pour pr\u00e9ciser les lieux d\u2019habitation des usagers de sa structure, ou encore la cr\u00e9ation de sous-probl\u00e9matiques afin de pr\u00e9ciser les sujets abord\u00e9s avec son public).<\/li>\n<\/ul>\n<ul>\n<li>Consulter les statistiques de sa structure<\/li>\n<\/ul>\n<p>Un \u00ab\u00a0Administrateur structure\u00a0\u00bb ne peut pas consulter en ligne les dossiers des usagers de sa structure.<\/p>\n<p><span class=\"spip_document_19 spip_documents spip_documents_center\"><img loading=\"lazy\" decoding=\"async\" class=\"aligncenter wp-image-619 size-full\" src=\"http:\/\/www.pappu.fr\/pappuwp\/wp-content\/uploads\/2017\/10\/log-struct.png\" alt=\"\" width=\"317\" height=\"170\" srcset=\"https:\/\/www.pappu.fr\/pappuwp\/wp-content\/uploads\/2017\/10\/log-struct.png 317w, https:\/\/www.pappu.fr\/pappuwp\/wp-content\/uploads\/2017\/10\/log-struct-300x161.png 300w\" sizes=\"(max-width: 317px) 100vw, 317px\" \/><\/span><\/p>\n<p>L\u2019<strong>UTILISATEUR<\/strong> va recevoir un courriel de l\u2019\u00a0\u00bbAdministrateur structure\u00a0\u00bb avec\u00a0:<\/p>\n<ul>\n<li>Un lien de t\u00e9l\u00e9chargement de son PAPPU<\/li>\n<\/ul>\n<ul>\n<li>Ses identifiants de connexion au logiciel<br class=\"autobr\" \/> Seuls les comptes \u00ab\u00a0Utilisateur\u00a0\u00bb ont acc\u00e8s aux dossiers de leur structure via le logiciel.<\/li>\n<\/ul>\n<p><span class=\"spip_document_20 spip_documents spip_documents_center\"><img loading=\"lazy\" decoding=\"async\" class=\"aligncenter wp-image-620 size-full\" src=\"http:\/\/www.pappu.fr\/pappuwp\/wp-content\/uploads\/2017\/10\/log-user.png\" alt=\"\" width=\"236\" height=\"182\" \/><\/span><br \/>\n[\/et_pb_text][\/et_pb_column][\/et_pb_row][\/et_pb_section]<\/p>\n","protected":false},"excerpt":{"rendered":"<p>Se connecter \u00e0 PAPPU La gestion des comptes PAPPU L\u2019ADMINISTRATEUR R\u00c9SEAU va se connecter \u00e0 son compte d\u2019administration sur pappu.fr o\u00f9 il va pouvoir\u00a0: Cr\u00e9er une ou plusieurs structures La cr\u00e9ation d\u2019une structure n\u00e9cessite la cr\u00e9ation d\u2019un \u00ab\u00a0Administrateur structure\u00a0\u00bb pour la dite structure. Consulter les statistiques de son r\u00e9seau Un \u00ab\u00a0administrateur r\u00e9seau\u00a0\u00bb ne peut pas [&hellip;]<\/p>\n","protected":false},"author":1,"featured_media":0,"parent":0,"menu_order":0,"comment_status":"closed","ping_status":"closed","template":"","meta":{"_et_pb_use_builder":"on","_et_pb_old_content":"","_et_gb_content_width":"","footnotes":""},"class_list":["post-261","page","type-page","status-publish","hentry"],"_links":{"self":[{"href":"https:\/\/www.pappu.fr\/pappuwp\/wp-json\/wp\/v2\/pages\/261","targetHints":{"allow":["GET"]}}],"collection":[{"href":"https:\/\/www.pappu.fr\/pappuwp\/wp-json\/wp\/v2\/pages"}],"about":[{"href":"https:\/\/www.pappu.fr\/pappuwp\/wp-json\/wp\/v2\/types\/page"}],"author":[{"embeddable":true,"href":"https:\/\/www.pappu.fr\/pappuwp\/wp-json\/wp\/v2\/users\/1"}],"replies":[{"embeddable":true,"href":"https:\/\/www.pappu.fr\/pappuwp\/wp-json\/wp\/v2\/comments?post=261"}],"version-history":[{"count":45,"href":"https:\/\/www.pappu.fr\/pappuwp\/wp-json\/wp\/v2\/pages\/261\/revisions"}],"predecessor-version":[{"id":1127,"href":"https:\/\/www.pappu.fr\/pappuwp\/wp-json\/wp\/v2\/pages\/261\/revisions\/1127"}],"wp:attachment":[{"href":"https:\/\/www.pappu.fr\/pappuwp\/wp-json\/wp\/v2\/media?parent=261"}],"curies":[{"name":"wp","href":"https:\/\/api.w.org\/{rel}","templated":true}]}}